Let d(a) = a**2 + 18*a + 81. Give d(-7).
4
Let l(o) = -11*o**2 + 25*o - 18. Give l(2).
-12
Let w(u) = -5*u**2 - 14*u - 42. Determine w(-4).
-66
Let l(u) = -14*u + 78. Calculate l(5).
8
Let k(z) = 17*z - 122. What is k(9)?
31
Let p(c) = -c**3 - 9*c**2 - 8*c - 8. Calculate p(-6).
-68
Let r(f) = 122*f + 26. Calculate r(-1).
-96
Let d(o) = o**2 - 23*o - 186. Calculate d(29).
-12
Let t(c) = -c**3 - 14*c**2 - 21*c + 44. Determine t(-12).
8
Let l(m) = -m**3 + 5*m**2 - 10*m + 6. Determine l(3).
-6
Let n(o) = -o - 35. What is n(11)?
-46
Let s(t) = -t + 31. Determine s(29).
2
Let j(t) = -t**3 + 20*t**2 - 23*t + 44. Give j(19).
-32
Let y(d) = -2*d**2 + 4*d - 4. Calculate y(3).
-10
Let j(p) = p**2 - 6*p + 3. Determine j(6).
3
Let m(b) = -b**2 + 20*b - 2. Calculate m(0).
-2
Let w(p) = -p**2 - 5*p + 22. Give w(-8).
-2
Let w(u) = -u**3 + 38*u**2 - 38*u + 21. Calculate w(37).
-16
Let b(h) = -h**3 - 6*h**2 - h - 5. Calculate b(-5).
-25
Let z(h) = 86*h + 3. Determine z(-1).
-83
Let d(q) = -q**2 + 2*q - 2. Calculate d(4).
-10
Let i(p) = -9*p + 140. Calculate i(17).
-13
Let t(z) = z**2 + 19*z - 24. Give t(-20).
-4
Let l(u) = -u**3 + 31*u**2 - 31*u + 37. Calculate l(30).
7
Let u(p) = 2*p**2 - 40*p + 131. Determine u(14).
-37
Let j(p) = -17*p + 106. Calculate j(6).
4
Let l(g) = -2*g**3 + 3*g**2 - 3. Give l(3).
-30
Let c(p) = -p**3 + 4*p**2 - 4*p + 9. What is c(4)?
-7
Let f(n) = -n**3 - 11*n**2 + 8. What is f(-11)?
8
Let r(t) = t - 26. Determine r(6).
-20
Let i(p) = -p - 6. Give i(-10).
4
Let w(s) = 16*s + 34. Determine w(3).
82
Let f(j) = 2*j - 17. Give f(0).
-17
Let d(l) = l**3 - 5*l**2 - 4*l + 6. What is d(6)?
18
Let u(i) = -4*i**2 + 27*i - 8. What is u(6)?
10
Let o(y) = -2*y + 1. Calculate o(-7).
15
Let h(y) = 10*y + 14. Give h(-6).
-46
Let n(d) = 3*d**2 - 61*d + 27. Determine n(20).
7
Let p(m) = 2*m**3 + 10*m**2 - 3*m - 5. What is p(-5)?
10
Let m(k) = -k**2 + 9*k + 3. Calculate m(7).
17
Let f(k) = -k**2 + 40*k - 154. What is f(4)?
-10
Let f(u) = u**3 - 9*u**2 + 8*u - 5. Determine f(7).
-47
Let h(o) = 4*o - 1. What is h(-5)?
-21
Let n(d) = d**3 - 5*d**2 + 4*d - 7. Give n(3).
-13
Let f(s) = -s + 2. Calculate f(-7).
9
Let p(o) = -o + 5. Determine p(4).
1
Let n(w) = 2*w**2 - 14*w - 12. Determine n(7).
-12
Let m(i) = -4*i - 99. Determine m(-23).
-7
Let g(f) = 3*f**3 + f**2 - 1. What is g(-1)?
-3
Let w(j) = 73*j**2 - 1. What is w(1)?
72
Let o(t) = -15*t**3 + 4*t**2 + 11*t + 8. What is o(-1)?
16
Let w(m) = -2*m**3 - 17*m**2 - m + 7. Determine w(-8).
-49
Let v(w) = -w**2 + 23*w - 59. What is v(3)?
1
Let a(n) = -4*n - 47. Calculate a(-14).
9
Let s(x) = 2*x**2 + 8*x - 6. Give s(-5).
4
Let y(i) = -i**3 - 5*i**2 - 2*i + 1. Calculate y(-6).
49
Let s(p) = -14*p - 7. Determine s(7).
-105
Let s(f) = 6*f**2 - 1. Calculate s(-1).
5
Let b(t) = t**2 + 11*t + 26. Calculate b(-10).
16
Let n(r) = -r - 29. Calculate n(-13).
-16
Let z(f) = f**3 + 4*f**2 + 4*f - 3. Calculate z(-4).
-19
Let g(b) = -b**3 - 11*b**2 - 4*b - 11. What is g(-10)?
-71
Let r(h) = -2*h**2 + 26*h + 5. Give r(13).
5
Let w(n) = -n**2 + 13*n - 17. Give w(12).
-5
Let j(r) = r**3 + 13*r**2 + 2*r + 24. What is j(-13)?
-2
Let a(x) = 7*x**3 - x**2 + 10*x + 9. What is a(-1)?
-9
Let v(d) = d**2 + 8*d - 7. Determine v(-5).
-22
Let z(o) = -8*o + 65. Calculate z(10).
-15
Let v(g) = g**2 + 5*g - 39. What is v(-14)?
87
Let p(q) = 2*q**3 - 9*q**2 - 7*q + 11. What is p(5)?
1
Let c(u) = -6*u + 9. Calculate c(10).
-51
Let g(w) = -w + 7. What is g(9)?
-2
Let c(g) = g**3 - 11*g**2 + 1. Give c(11).
1
Let k(p) = 4*p - 29. Determine k(14).
27
Let m(y) = y**3 + 8*y**2 + 6*y - 4. What is m(-6)?
32
Let v(d) = -d**3 - 5*d**2 + 7*d + 7. Give v(-6).
1
Let y(i) = 2*i + 2. What is y(-12)?
-22
Let i(u) = -u**3 + 22*u**2 - 2*u + 41. Determine i(22).
-3
Let k(w) = w + 8. What is k(-15)?
-7
Let d(k) = -6*k**3 + k**2 - 3*k + 2. What is d(1)?
-6
Let k(d) = -d**2 - 24*d - 51. Give k(-20).
29
Let s(l) = -3*l**3 + 9*l**2 - 3*l + 5. Determine s(3).
-4
Let p(c) = -c**3 - c**2 + 9*c + 4. What is p(-4)?
16
Let j(w) = w**2 + 8*w - 31. Determine j(-10).
-11
Let i(k) = -19*k**2 - 227*k + 19. Determine i(-12).
7
Let j(u) = 2*u + 18. Give j(-10).
-2
Let s(f) = f**3 + 2*f**2 - 5*f + 2. Determine s(-4).
-10
Let z(o) = o**2 - 23*o + 38. What is z(21)?
-4
Let m(v) = -26*v**3 - 3*v**2 - 2*v + 2. Give m(-1).
27
Let n(g) = g + 68. Calculate n(-18).
50
Let m(k) = -15*k - 82. Calculate m(-5).
-7
Let t(d) = d**2 - 4*d. What is t(6)?
12
Let i(y) = y**3 + 8*y**2 + 6*y - 10. Calculate i(-7).
-3
Let p(m) = -3*m - 164. Determine p(-56).
4
Let t(n) = -n**2 - 10*n - 7. Give t(-9).
2
Let v(h) = -48*h + 153. Give v(3).
9
Let i(h) = -10*h - 448. What is i(-45)?
2
Let f(c) = 8*c - 25. Determine f(-14).
-137
Let d(t) = t**3 + 8*t**2 + 6*t - 2. Calculate d(-7).
5
Let i(n) = 3*n**2 + 6*n - 2. Calculate i(-5).
43
Let d(i) = 29*i - 6. Give d(1).
23
Let g(o) = o**2 - 7*o + 13. Give g(9).
31
Let g(q) = -q**2 - 7*q - 8. Give g(-7).
-8
Let x(c) = c**2 - 33*c + 41. Calculate x(19).
-225
Let z(b) = 2*b**2 + 3*b - 1. Determine z(6).
89
Let i(k) = k**2 - 12*k - 24. Determine i(14).
4
Let f(h) = 2*h**2 + 2. Calculate f(-5).
52
Let v(q) = -2*q + 2. What is v(-5)?
12
Let x(z) = -z**3 + 40*z**2 + 43*z - 98. Give x(41).
-16
Let y(t) = t**3 + 7*t**2 + 5*t - 10. Determine y(-6).
-4
Let v(f) = -f**3 + 6*f**2 - 5*f + 9. Calculate v(5).
9
Let n(y) = 2*y + 35. Calculate n(-18).
-1
Let s(z) = -z**3 - 5*z - 3. Determine s(-4).
81
Let n(v) = -2*v**3 + 2*v - 2. Give n(0).
-2
Let g(c) = c**2 + 4*c - 1. What is g(-3)?
-4
Let f(v) = v**2 - 3*v - 1. What is f(4)?
3
Let v(l) = 13*l**2 - 10*l. Give v(-1).
23
Let k(l) = -11*l + 43. Give k(8).
-45
Let o(v) = -3*v**2 - 29*v - 22. Give o(-9).
-4
Let u(h) = -6*h + 4. Calculate u(-3).
22
Let s(a) = 4*a - 4. Calculate s(-9).
-40
Let m(q) = -30*q + 148. Give m(5).
-2
Let b(g) = 38*g - 36. Give b(1).
2
Let u(w) = -6*w + 149. Calculate u(18).
41
Let p(h) = -h**2 - 9*h - 1. Give p(-8).
7
Let n(z) = -z**2 + 12*z - 18. Give n(12).
-18
Let o(z) = -32*z + 552. Give o(18).
-24
Let a(m) = 3*m**2 + 22*m + 8. Determine a(-8).
24
Let o(f) = f**3 + 2*f**2 - 8*f + 34. Determine o(-5).
-1
Let q(z) = z**3 - 2*z**2 + 4. Determine q(-4).
-92
Let u(y) = -34*y**3 + y. Give u(-1).
33
Let w(h) = h**2 - 2*h + 7. Determine w(-6).
55
Let g(i) = i**3 + 4*i**2 - 6*i - 4. Determine g(-3).
23
Let t(x) = 3*x**2 - 18*x - 4. What is t(6)?
-4
Let i(k) = 6*k**2 + 9*k + 7. Determine i(-3).
34
Let o(y) = -3*y**2 - 18*y - 32. Calculate o(-5).
-17
Let a(o) = -6*o - 15. What is a(-3)?
3
Let q(m) = -m**3 - 4*m**2 + 6*m - 8. Determine q(-7).
97
Let r(g) = 17*g + 71. What is r(-4)?
3
Let w(r) = -9*r**2 - 53*r + 5. Calculate w(-6).
-1
Let t(n) = -n**3 + n**2 - 2*n + 1. Give t(2).
-7
Let x(l) = l**2 - 2*l - 8. Determine x(4).
0
Let w(k) = 6*k + 8. Determine w(-3).
-10
Let i(t) = 11*t - 5. Give i(1).
6
Let s(b) = -b**2 + b + 15. What is s(-3)?
3
Let l(i) = i**2 - i - 9. Calculate l(-7).
47
Let p(u) = -2*u**2 - 24*u - 8. Calculate p(-11).
14
Let x(s) = -18*s - 60. Give x(-4).
12
Let q(y) = -4*y - 6. Determine q(-6).
18
Let a(x) = -20*x + 1. Determine a(-1).
21
Let t(y) = -19*y - 31. What is t(-2)?
7
Let f(o) = 10*o + 24. Give f(6).
84
Let c(w) = w**2 - 8*w - 40. Give c(-6).
44
Let s(d) = -d**3 - 4*d**2 + 6*d + 15. Give s(-2).
-5
Let w(n) = 2*n**2 - 13*n + 20. Determine w(4).
0
Let x(p) = -30*p - 170. Give x(-6).
10
Let n(o) = -7*o + 68. Calculate n(12).
-16
Let i(r) = r**3 - 10*r**2 + 21*r - 1. Determine i(7).
-1
Let i(m) = m**3 + 29*m**2 + 120*m - 1. Give i(-24).
-1
Let j(f) = -f**2 + 2*f - 2. What is j(2)?
-2
Let u(q) = -2*q**2 - 14*q - 1. Give u(-7).
-1
Let q(v) = v**3 - 13*v**2 + 14*v + 3. Determine q(12).
27
Let v(r) = -2*r + 10. Determine v(7).
-4
Let q(d) = d**3 + 8*d**2 - 4*d - 13. What is q(-9)?
-58
Let p(j) = j**2 - 4*j - 10. Determine p(7).
11
Let l(g) = 6*g - 253. Calculate l(39).
-19
Let q(w) = -6*w - 21. Give q(-8).
27
Let p(u) = -2*u + 18. What is p(9)?
0
Let r(x) = 6*x + 16. Give r(-2).
4
Let y(p) = -p**2 + 19*p + 3. Give y(20).
-17
Let n(c) = -3*c + 85. Calculate n(21).
22
Let v(w) = -w - 13. What is v(-5)?
-8
Let q(h) = 2*h - 6. What is q(8)?
10
Let m(d) = 14*d**3 - 2*d**2 - 7*d + 8. What is m(1)?
13
Let m(l) = -l**3 + 19*l**2 - 9*l - 5. Give m(18).
157
Let y(p) = -p + 25. Calculate y(22).
3
Let n